{"id":1516,"date":"2026-03-11T15:49:36","date_gmt":"2026-03-11T15:49:36","guid":{"rendered":"http:\/\/reconbranding.com\/speedtech\/?post_type=product&#038;p=1516"},"modified":"2026-04-06T17:23:57","modified_gmt":"2026-04-06T17:23:57","slug":"golf-1-metallstosstange-halter-stosstangenhalter-schwarz-grundiert","status":"publish","type":"product","link":"http:\/\/reconbranding.com\/speedtech\/product\/golf-1-metallstosstange-halter-stosstangenhalter-schwarz-grundiert\/","title":{"rendered":"Golf 1 Metallsto\u00dfstangen-Halter\/Sto\u00dfstangenhalter schwarz grundiert"},"content":{"rendered":"<h2>Beschreibung<\/h2>\n<p>F\u00fcr Chromsto\u00dfstangen oder lackierte Metallsto\u00dfstangen<br \/>\n1 St\u00fcck (pro Sto\u00dfstange werden 2 Halter ben\u00f6tigt)<br \/>\nOriginal Speed Tech-Produkt<br \/>\nSehr hochwertig verarbeitet<br \/>\nStahl grundiert, wie beim Original<br \/>\nPassend f\u00fcr Golf1, Caddy1,<\/p>\n","protected":false},"excerpt":{"rendered":"<p>Beschreibung F\u00fcr Chromsto\u00dfstangen oder lackierte Metallsto\u00dfstangen 1 St\u00fcck (pro Sto\u00dfstange werden 2 Halter ben\u00f6tigt) Original Speed Tech-Produkt Sehr hochwertig verarbeitet Stahl grundiert, wie beim Original Passend f\u00fcr Golf1, Caddy1,<\/p>\n","protected":false},"featured_media":1518,"comment_status":"open","ping_status":"closed","template":"","meta":{"_bst_post_transparent":"default","_bst_post_title":"","_bst_post_layout":"default","_bst_post_sidebar_id":"","_bst_post_content_style":"default","_bst_post_vertical_padding":"default","_bst_post_feature":"","_bst_post_feature_position":"","_bst_post_header":false,"_bst_post_footer":false},"product_brand":[],"product_cat":[95,96,98],"product_tag":[],"product_brands":[],"class_list":{"0":"post-1516","1":"product","2":"type-product","3":"status-publish","4":"has-post-thumbnail","6":"product_cat-classic-parts","7":"product_cat-exterieur","8":"product_cat-stosstangen-zubehor","10":"first","11":"instock","12":"shipping-taxable","13":"purchasable","14":"product-type-simple","15":"entry","16":"content-bg","17":"loop-entry"},"_links":{"self":[{"href":"http:\/\/reconbranding.com\/speedtech\/wp-json\/wp\/v2\/product\/1516","targetHints":{"allow":["GET"]}}],"collection":[{"href":"http:\/\/reconbranding.com\/speedtech\/wp-json\/wp\/v2\/product"}],"about":[{"href":"http:\/\/reconbranding.com\/speedtech\/wp-json\/wp\/v2\/types\/product"}],"replies":[{"embeddable":true,"href":"http:\/\/reconbranding.com\/speedtech\/wp-json\/wp\/v2\/comments?post=1516"}],"wp:featuredmedia":[{"embeddable":true,"href":"http:\/\/reconbranding.com\/speedtech\/wp-json\/wp\/v2\/media\/1518"}],"wp:attachment":[{"href":"http:\/\/reconbranding.com\/speedtech\/wp-json\/wp\/v2\/media?parent=1516"}],"wp:term":[{"taxonomy":"product_brand","embeddable":true,"href":"http:\/\/reconbranding.com\/speedtech\/wp-json\/wp\/v2\/product_brand?post=1516"},{"taxonomy":"product_cat","embeddable":true,"href":"http:\/\/reconbranding.com\/speedtech\/wp-json\/wp\/v2\/product_cat?post=1516"},{"taxonomy":"product_tag","embeddable":true,"href":"http:\/\/reconbranding.com\/speedtech\/wp-json\/wp\/v2\/product_tag?post=1516"},{"taxonomy":"product_brands","embeddable":true,"href":"http:\/\/reconbranding.com\/speedtech\/wp-json\/wp\/v2\/product_brands?post=1516"}],"curies":[{"name":"wp","href":"https:\/\/api.w.org\/{rel}","templated":true}]}}